et m(g) = 4*g**3 + 2*g**2 - 2*g - 9. Let p(z) = 2*i(z) - 5*m(z). Is p(-6) a composite number?
False
Suppose -5*d - 3*n - 55 + 5 = 0, 2*n - 10 = d. Let y = 8 + d. Is (y - 1 - 0)*-1 composite?
False
Let w = 36 + 37. Let b = -38 + w. Is b prime?
False
Suppose 2*q = 3*n + 43, 0*q + 3*n = -3*q + 57. Suppose -q = -3*p - p. Suppose -3*x - x + 139 = p*m, 8 = -2*x. Is m a prime number?
True
Let r(o) = o**2 - 4*o + 1. Let h be r(4). Let p(v) = -v**2 + 7*v - 5. Let i be p(5). Let f = i + h. Is f a composite number?
True
Let b be -4*((-5)/2)/5. Suppose -x - b*x = -18. Suppose n + 635 = x*n. Is n prime?
True
Suppose 1174 = 2*j + 152. Is j a composite number?
True
Let u(k) = 2*k**3 + 2*k - 1. Let r be u(1). Is 0 + -2 + 5 + r composite?
True
Let p = 6 + -4. Suppose 0 = f - 4*o + p, 5*o = 3*f - 1. Suppose -f*r + 21 = -r. Is r prime?
False
Let a be 6 - (0 - -3) - -597. Suppose -199 = 5*z - 2*k - a, k + 240 = 3*z. Is z composite?
False
Let n(w) be the third derivative of w**5/30 - w**4/3 - 5*w**3/6 + w**2. Suppose -2*c - 34 + 6 = -5*k, k + 2*c - 8 = 0. Is n(k) a prime number?
True
Suppose -9*o - 117 + 2502 = 0. Is o prime?
False
Suppose 0 = 2*r + r, 0 = -c + 4*r + 127. Is c a prime number?
True
Let f(a) = 21*a**2 - 7. Let n be f(4). Let o = -16 - -236. Let g = n - o. Is g composite?
False
Let p = 4 - 0. Suppose -p*l = -358 + 26. Is l a prime number?
True
Let g be 1 + -2 + (2 - -1). Let b = g + -4. Is 7 + b/((-4)/(-2)) a prime number?
False
Is (-1 + 10/6)/(8/35508) composite?
True
Let u = 142 - 46. Let z = u - 7. Is z prime?
True
Suppose 6*c - 15392 = 2*c + 4*i, 3*c - i - 11542 = 0. Is c prime?
True
Let r(v) = v**2 - 5*v - 4. Let s be r(6). Suppose b + 46 = s*f + 8, -3*b + 57 = 3*f. Is f composite?
False
Suppose -2*q = -4*q + 8. Suppose 0 = -q*z - 0 + 24. Suppose -z*g + 11*g - 265 = 0. Is g a prime number?
True
Let k = 472 + -125. Is k a composite number?
False
Let p(o) = 6*o - 2*o**3 - 2*o - 6*o - 5*o**2 - 3. Is p(-4) composite?
False
Let o(x) = -4*x**3 + 3*x**2 + 6*x - 1. Let j(w) = -7*w**3 + 5*w**2 + 11*w - 1. Let p(m) = -3*j(m) + 5*o(m). Let n be p(-2). Is ((-76)/(-8))/((-2)/n) composite?
False
Let u(r) = -r. Let g(q) = -18*q - 3. Let c(x) = -g(x) - 2*u(x). Is c(9) a composite number?
True
Let x(j) = 2*j**2 - 11*j - 17. Is x(13) a composite number?
True
Let t(d) = 2*d**2 - d. Let r be t(-1). Suppose 762 = r*k - 357. Is k prime?
True
Let t(j) = 66*j**2 - 4. Let s be t(3). Suppose 13 + 12 = 5*y, -2*y = 4*g - s. Is g composite?
True
Let u(i) = 5*i**3 + 2*i**2 - i + 3. Is u(5) a composite number?
False
Let f = -707 + 3316. Is f a composite number?
False
Is (3/15)/(2/6770) a prime number?
True
Let r be (397/(-2))/((-2)/4). Suppose -d = 3*l - 76, r = 5*d - 3*l + l. Is d prime?
True
Let w be 1 + -25 + (-4 - -3). Suppose u - 4 = 0, 4*u - 32 = j + 3*j. Let i = j - w. Is i prime?
False
Let y be -3*(-1 - 3/(-9)). Suppose 0 = -6*i + y*i + 148. Is i composite?
False
Let m be 18/(-3)*(-566)/(-6). Let a = m - -793. Is 1/(a/113 + -2) a prime number?
True
Let j(z) = z**3 + 13*z**2 - z + 9. Suppose 5*u = -n - 0*u - 21, 14 = n - 2*u. Suppose 9*t = 4*t + 2*w - 69, -n*w + 34 = -2*t. Is j(t) a prime number?
False
Let c(y) be the first derivative of -y**5/20 - y**4/8 + y**3 - 1. Let o(w) be the third derivative of c(w). Is o(-9) prime?
False
Let d(c) = -c**3 - c**2 + 10. Let l be d(0). Suppose 0 = 3*r - 2 - l. Suppose z + r*z - 110 = 0. Is z prime?
False
Let q = 1 - -4. Let z(p) = 6*p**2 - 3*p - 4. Is z(q) prime?
True
Let x be 1*(-2 - -36) - 1. Is x/11 + 23/1 composite?
True
Let s(u) = u + 16. Let w be s(-8). Suppose i - w = -z + 2, -82 = -5*i + 3*z. Is i a composite number?
True
Let g be (-6)/5*(0 + 5). Is (-3)/g*(252 + 2) composite?
False
Suppose 5*q - 2 + 17 = 0. Is q/6 + 43/2 a prime number?
False
Suppose 1460 = 5*h - 1355. Is h a prime number?
True
Let m(z) = 16*z**2 - 3*z + 8. Is m(3) a prime number?
False
Let v be (6/(-2))/3*-5. Suppose 5*h - 21 = -3*j, -7 = -v*j + 3*h - 2*h. Suppose j*z - r - 3*r = 522, z = -4*r + 231. Is z composite?
False
Suppose -3*k + 3*n = -5166, 3*k + k - 5*n = 6889. Is k a prime number?
True
Suppose r + 3*n = 10, -8*r + 4*n + 12 = -3*r. Suppose r*w = 2*k + 256, 0*w - 5*w + k = -314. Is w a composite number?
True
Suppose 3*n + n = 4*k + 20, -3*k - 17 = -5*n. Suppose 12 = 2*r + 4*b, 0 = -4*b + n + 11. Suppose -3*x + 262 = y, r*y + 265 = 3*x + 4*y. Is x prime?
False
Is (1 - 3) + 12*29 prime?
False
Suppose 0 = -3*d - 5*v + 16, 0 = 2*d - 6*d + v + 29. Let k(i) = -5*i + 1. Let o(m) = -9*m + 1. Let x(q) = 7*k(q) - 4*o(q). Is x(d) prime?
False
Let x(b) = -b**2 + 10*b - 10. Let i be x(9). Is ((-1)/2)/(i/230) a prime number?
False
Let i = 43 + -31. Is (-379)/(-3) + i/18 prime?
True
Suppose 5*l + 3380 = -5*n, 3*l + 2049 = 5*n - n. Let y = 993 + l. Is y a prime number?
False
Suppose -521 = -5*p + 1214. Is p a prime number?
True
Suppose -78 = -5*a + a + 2*y, -2*a + 45 = 5*y. Suppose 5*j = -5*q + a, j + 4 = 2. Let r(m) = m**2 + 6*m - 5. Is r(q) a composite number?
False
Let t = 16 + -14. Suppose 1051 = 5*j + 2*b, j + t*j + b = 631. Is j composite?
False
Suppose 3*f = 2*f + 2. Suppose s - 7*j = -3*j + 38, 0 = f*j + 8. Is s a composite number?
True
Let g(y) = -8*y - 10 + 2 - 2. Is g(-7) prime?
False
Let p be (-3703)/(-14) + 2/(-4). Let i = p + -151. Is i prime?
True
Let f be (-8)/10*5/(-2). Suppose 5*p = o - 0*o - 6, 0 = f*p + 4. Let d = 18 - o. Is d prime?
False
Is (56/(-16))/(-1*2/92) composite?
True
Suppose x + 1014 = 7*x. Is x a prime number?
False
Suppose -y = y + 2. Let j(o) be the first derivative of -5*o**2 + 2. Is j(y) a prime number?
False
Let g be (-4)/(-16) + 1/(-4). Let a = 3 + g. Is a prime?
True
Let h(k) = -k**2 + 10*k + 10. Let u be h(11). Is 224 - (u - (-1 + -1)) a composite number?
False
Suppose -45 = -b - 0*b. Suppose -2*q = 2*t - 6, 5*q + 0*q - 5*t = 15. Suppose q*g - b = -0*g. Is g prime?
False
Let h(y) = -y - 3. Let d be h(-2). Let v be (-1)/((-2)/(-4)*d). Suppose 185 = -v*r + 7*r. Is r composite?
False
Is (-6)/((-4)/(-2)) - (-1704 - 8) a prime number?
True
Let i = -18 + 22. Suppose x - 1626 = -i*j, 0 = -j + 4*j + 5*x - 1211. Is j a composite number?
True
Let s(m) = -m + 11. Let z be s(7). Let p(g) = 10*g**2 + 5 + 2*g - 5*g + g. Is p(z) a prime number?
True
Suppose 0 = x + 816 - 149. Is (x/(-4))/(15/60) a prime number?
False
Let i(g) = -90*g + 2. Let z be i(-2). Suppose -u + z = -0*u. Is u/49 + 2/7 prime?
False
Let i = 2 - 5. Let x = i + 13. Suppose x = c - 16. Is c a prime number?
False
Suppose -2*y = -4*f - 78, 3*y + 0*y - 41 = 2*f. Let h = f + 86. Is h a composite number?
False
Let k be (9/6)/((-6)/(-56)). Is 21/k*74/3 composite?
False
Let s = 0 + 3. Suppose s*h - 2*h + 5*l = 25, -h = -2*l - 4. Suppose 2*i = h, c - 30 = -3*i + 44. Is c a composite number?
False
Suppose 3*y - 2*j - 10 = 2*y, -y = j + 2. Is y composite?
False
Let r = 623 - 172. Is r a composite number?
True
Suppose 5*p - 58824 = -17829. Let c be (4/12)/((-3)/p). Is c/(-11) + 4/22 a prime number?
True
Suppose 600 = 2*z + 5*t, z - 519 + 208 = 3*t. Suppose -2*w + 4*k = -w - 125, 2*w + 3*k = z. Is w composite?
True
Let x = -3190 + 5601. Is x prime?
True
Suppose -6*h + 8*h - 998 = 0. Is h a prime number?
True
Suppose -a - 3*s = -6*a + 23, 4*a - 3*s - 19 = 0. Let z(k) = -37*k + 4. Let i be z(-3). Suppose 5*p - i = 2*l, -5*l = -p - a*l + 26. Is p prime?
False
Suppose -8*y + 1203 = -661. Is y composite?
False
Suppose 4*f - 610 = -2*i, 4*f - i + 4*i - 607 = 0. Suppose -3*t + t = -f. Is t composite?
True
Suppose -4*w + 3*w = -3. Suppose -5*k + 0*f - 1182 = -f, 0 = w*k - 3*f + 714. Let p = 349 + k. Is p a composite number?
False
Suppose 3*d + a - 1 = 2*d, a - 25 = -5*d. Is 410/d - 2/(-3) composite?
True
Suppose 2*m - 53 = -15. Is m prime?
True
Let c(k) = 361*k**2 - 2*k + 1. Let d be c(1). Suppose 0 = n + 3*n + 4*m, -5*m - 12 = 2*n. Suppose 3*o - d = b - 2*b, -o - n*b + 109 = 0. Is o composite?
True
Let p(y) = y**2 + 7*y + 7. Let a = -24 - -14. Is p(a) composite?
False
Let r be 1/(-2)*-4 + 1. Suppose 0 = -r*v - v + 48. Suppose -a = -v - 1. Is a a prime number?
True
Let r(d) be the third derivative of -d**4/8 - 7*d**3/6 - d**2. Is r(-6) a prime number?
True
Let z(o) = o**2 - 5*o. Let q be z(5). Let m(r) = -r**2. Let p be m(q). Suppose 0 = -5*l - 5*s + 40, p*s - 3*s + 16 = l. Is l com